divide 661?
False
Does 2 divide 22361?
False
Does 2 divide 262?
True
Is 23 a factor of 31349?
True
Is 37 a factor of 22274?
True
Is 26 a factor of 399?
False
Is 30537 a multiple of 11?
False
Is 72 a factor of 1210?
False
Is 10 a factor of 2650?
True
Does 2 divide 1093?
False
Is 16692 a multiple of 12?
True
Is 7 a factor of 650?
False
Is 114 a factor of 31031?
False
Is 13 a factor of 949?
True
Does 135 divide 17415?
True
Is 12 a factor of 972?
True
Does 7 divide 738?
False
Is 51 a factor of 6885?
True
Is 510 a multiple of 15?
True
Is 4526 a multiple of 48?
False
Is 4 a factor of 1748?
True
Is 630 a multiple of 63?
True
Is 66146 a multiple of 32?
False
Does 10 divide 40?
True
Is 3504 a multiple of 8?
True
Is 21 a factor of 6751?
False
Does 100 divide 816?
False
Does 20 divide 1142?
False
Does 33 divide 995?
False
Does 25 divide 1625?
True
Is 15 a factor of 420?
True
Is 11 a factor of 29216?
True
Does 2 divide 12?
True
Is 702 a multiple of 5?
False
Is 110 a multiple of 2?
True
Is 10637 a multiple of 44?
False
Does 217 divide 10209?
False
Does 46 divide 467?
False
Does 85 divide 46469?
False
Does 14 divide 3500?
True
Is 7 a factor of 1991?
False
Is 4191 a multiple of 53?
False
Is 7820 a multiple of 87?
False
Is 17 a factor of 47722?
False
Does 11 divide 66?
True
Is 1247 a multiple of 44?
False
Does 15 divide 8820?
True
Does 55 divide 3960?
True
Is 45 a factor of 368?
False
Is 32 a factor of 192?
True
Is 7200 a multiple of 45?
True
Does 32 divide 18644?
False
Does 60 divide 240?
True
Is 2278 a multiple of 17?
True
Does 20 divide 48798?
False
Does 44 divide 22434?
False
Is 65 a factor of 56343?
False
Does 50 divide 4625?
False
Does 219 divide 33133?
False
Is 663 a multiple of 14?
False
Is 32 a factor of 942?
False
Does 4 divide 922?
False
Does 235 divide 61855?
False
Is 1616 a multiple of 101?
True
Does 9 divide 1228?
False
Is 17 a factor of 476?
True
Is 71 a factor of 6258?
False
Is 17 a factor of 2124?
False
Is 224 a multiple of 56?
True
Is 1156 a multiple of 10?
False
Does 16 divide 304?
True
Is 237 a factor of 11850?
True
Is 4346 a multiple of 106?
True
Is 20 a factor of 7680?
True
Is 28 a factor of 1400?
True
Is 7812 a multiple of 36?
True
Is 14 a factor of 20384?
True
Is 3484 a multiple of 134?
True
Does 25 divide 975?
True
Is 55 a factor of 1650?
True
Does 28 divide 343?
False
Is 12 a factor of 18120?
True
Is 6543 a multiple of 13?
False
Is 1332 a multiple of 23?
False
Is 31 a factor of 583?
False
Is 27 a factor of 108?
True
Is 181 a factor of 40077?
False
Is 112 a factor of 24012?
False
Is 7560 a multiple of 18?
True
Does 18 divide 73657?
False
Is 1663 a multiple of 10?
False
Is 1584 a multiple of 22?
True
Is 8 a factor of 749?
False
Is 22 a factor of 15686?
True
Is 3715 a multiple of 34?
False
Is 6787 a multiple of 50?
False
Is 2940 a multiple of 60?
True
Is 3 a factor of 1017?
True
Does 17 divide 5950?
True
Is 23361 a multiple of 10?
False
Does 28 divide 399?
False
Does 57 divide 2508?
True
Is 39 a factor of 1489?
False
Is 9 a factor of 2362?
False
Is 56 a factor of 145?
False
Is 1720 a multiple of 20?
True
Does 6 divide 16139?
False
Is 1476 a multiple of 61?
False
Does 68 divide 65824?
True
Is 13600 a multiple of 16?
True
Does 32 divide 1341?
False
Is 25 a factor of 550?
True
Does 10 divide 712?
False
Is 35 a factor of 929?
False
Is 33 a multiple of 11?
True
Does 51 divide 3490?
False
Is 206 a factor of 2380?
False
Is 6 a factor of 531?
False
Is 1185 a multiple of 14?
False
Does 12 divide 9768?
True
Is 8 a factor of 417?
False
Is 3781 a multiple of 9?
False
Is 3 a factor of 663?
True
Is 8 a factor of 34224?
True
Is 15 a factor of 120350?
False
Does 105 divide 7389?
False
Does 12 divide 118?
False
Is 2117 a multiple of 77?
False
Is 8948 even?
True
Is 9 a factor of 378?
True
Is 12706 a multiple of 88?
False
Is 60 a factor of 8940?
True
Is 35910 a multiple of 21?
True
Does 151 divide 2114?
True
Is 80 a factor of 1357?
False
Is 901 a multiple of 13?
False
Does 90 divide 9900?
True
Is 2635 a multiple of 34?
False
Is 37 a factor of 592?
True
Is 48 a factor of 96?
True
Does 18 divide 3276?
True
Is 6 a factor of 218?
False
Is 99 a factor of 15056?
False
Does 16 divide 1872?
True
Is 133 a multiple of 6?
False
Is 7878 a multiple of 202?
True
Is 50 a multiple of 10?
True
Is 75072 a multiple of 192?
True
Does 48 divide 480?
True
Is 3065 a multiple of 21?
False
Does 5 divide 878?
False
Is 13984 a multiple of 184?
True
Is 39 a factor of 234?
True
Is 4977 a multiple of 50?
False
Is 50 a factor of 150?
True
Is 35615 a multiple of 14?
False
Does 245 divide 106330?
True
Does 4 divide 4928?
True
Is 4 a factor of 19603?
False
Does 90 divide 32760?
True
Is 19 a factor of 164?
False
Does 13 divide 8619?
True
Is 66 a factor of 3564?
True
Is 576 a multiple of 18?
True
Is 22933 a multiple of 63?
False
Does 123 divide 24545?
False
Does 33 divide 3849?
False
Does 9 divide 2106?
True
Is 427 a multiple of 2?
False
Is 10 a factor of 551?
False
Is 410 a multiple of 3?
False
Is 22616 a multiple of 44?
True
Is 33756 a multiple of 116?
True
Is 2410 a multiple of 7?
False
Does 80 divide 6640?
True
Is 1145 a multiple of 20?
False
Does 7 divide 87?
False
Is 1703 a multiple of 21?
False
Is 20 a factor of 10920?
True
Is 168 a factor of 19597?
False
Is 13862 a multiple of 47?
False
Is 74 a factor of 41736?
True
Does 24 divide 1948?
False
Is 7996 a multiple of 4?
True
Does 24 divide 32112?
True
Is 37 a factor of 1110?
True
Is 45 a factor of 15057?
False
Is 357 a multiple of 17?
True
Is 17 a factor of 473?
False
Is 5 a factor of 76?
False
Does 20 divide 98?
False
Does 8 divide 3447?
False
Does 181 divide 6324?
False
Is 87062 a multiple of 431?
True
Does 78 divide 3442?
False
Is 33142 a multiple of 23?
False
Is 64 a factor of 4928?
True
Is 14945 a multiple of 35?
True
Does 17 divide 3342?
False
Is 9 a factor of 711?
True
Is 302 a multiple of 15?
False
Does 22 divide 898?
False
Does 45 divide 4230?
True
Does 8 divide 173?
False
Does 22 divide 4114?
True
Does 51 divide 1122?
True
Does 13 divide 39386?
False
Is 9 a factor of 5254?
False
Does 38 divide 57912?
True
Does 33 divide 92782?
False
Is 789 a multiple of 3?
True
Is 126 a multiple of 14?
True
Does 12 divide 164?
False
Is 38 a factor of 54036?
True
Is 19 a factor of 1134?
False
Is 31 a factor of 19673?
False
Does 7 divide 1216?
False
Is 8 a factor of 2412?
False
Does 24 divide 13914?
False
Is 5 a factor of 19815?
True
Does 31 divide 45933?
False
Is 315 a multiple of 45?
True
Is 5 a factor of 5831?
False
Is 18500 a multiple of 25?
True
Is 437 a multiple of 15?
False
Does 242 divide 77152?
False
Does 105 divide 8190?
True
Does 5 divide 205?
True
Is 120 a factor of 240?
True
Does 34 divide 42289?
False
Is 244 a factor of 11712?
True
Is 14 a factor of 36?
False
Is 75 a factor of 9121?
False
Is 1573 a multiple of 14?
False
Does 6 divide 3774?
True
Is 2430 a multiple of 27?
True
Does 14 divide 1073?
False
Does 73 divide 8027?
False
Does 5 divide 915?
True
Is 91 a multiple of 10?
False
Is 1998 a multiple of 37?
True
Does 99 divide 63162?
True
Does 17 divide 418?
False
Is 8296 a multiple of 34?
True
Is 8 a factor of 101189?
False
Is 8134 a multiple of 37?
False
Is 94870 a multiple of 57?
False
Is 807 a multiple of 12?
False
Is 707 a multiple of 28?
False
Is 37 a factor of 1504?
False
Is 16 a factor of 17776?
True
Does 81 divide 1782?
True
Is 3075 a multiple of 25?
True
Is 13 a factor of 65?
True
Is 61 a factor of 1144?
False
Does 54 divide 8100?
True
Is 1768 a multiple of 17?
True
Is 1197 a multiple of 63?
True
Is 107 a factor of 17134?
False
Is 16794 a multiple of 27?
True
Is 44 a multiple of 11?
True
Does 16 divide 2288?
True
Does 15 divide 1095?
True
Is 13312 a multiple of 25?
False
Is 5 a factor of 4650?
True
Is 74 a factor of 5616?
False
Does 69 divide 54165?
True
Is 65 a factor of 572?
False
Is 114798 a multiple of 57?
True
Does 61 divide 6954?
True
Is 53 a factor of 530?
True
Is 6 a factor of 1458?
True
Does 11 divide 22601?
False
Is 7 a factor of 1232?
True
Is 5022 a multiple of 93?
True
Is 207 a multiple of 23?
True
Is 5 a factor of 4077?
False
Is 23 a factor of 3657?
True
Is 9363 a multiple of 76?
False
Is 16 a factor of 728?
False
Is 245 a multiple of 7?
True
Does 4 divide 27976?
True
Is 6144 a multiple of 48?
True
Is 13